 1. Suppose 0 = -j - l - 6, 0 = 4*j - 5*l - 21. Determine p(j).
-26
Let q(a) be the first derivative of -a**2 - 1/2*a**3 - 1/6*a**4 + 4 + 2*a. Let f(z) be the first derivative of q(z). Calculate f(-2).
-4
Let a = -15 + 16. Let h(z) = 0 + 1 + 2 - a + 2*z. What is h(4)?
10
Let p(w) = -4*w**2 + 3*w - 7. Let f(a) = -a**2 + a - 1. Let s(z) = 5*f(z) - p(z). Calculate s(5).
-13
Let p be (5/2)/((-1)/2). Let v(i) = -i**3 - 5*i**2 + 3*i - i - i + 1. Calculate v(p).
-4
Let m(v) be the second derivative of 5*v**4/12 + v**3/3 + v**2/2 + v. Let a be (-32)/12*(-6)/4. Suppose a - 2 = -2*q. Give m(q).
4
Let h(l) be the first derivative of 5/2*l**2 - 1/3*l**3 - 5*l + 6. Determine h(4).
-1
Let r(l) = 5*l**3 - 2*l**2 + 7*l**3 - 2*l**3 + l. Let o(y) = -y**3 - 6*y**2 + y + 31. Let z be o(-5). What is r(z)?
9
Let r be 6/24 + (-1)/4. Suppose -n = -3 - r. Let s(t) be the third derivative of t**6/120 - t**5/12 + 5*t**4/24 - 2*t**3/3 + 2*t**2. Determine s(n).
-7
Let z(j) = 7*j**2 + 11*j + 9. Let b(o) = 8*o**2 + 12*o + 10. Let u be 1*2/(-4)*14. Let x(m) = u*z(m) + 6*b(m). Let h = -10 + 5. Determine x(h).
-3
Let a(v) = 4 + 2*v + 0*v**3 - 5*v**2 + 3*v**2 - 3*v**2 + v**3. Determine a(4).
-4
Let g = -4 + 5. Suppose 4*o - 4*s - 67 = s, -o = 4*s - g. Suppose -2 + 0 = 2*z + 2*t, -5*t = -4*z - o. Let l(a) = a**3 + 3*a**2 + a + 1. Determine l(z).
3
Let h = -9 + 4. Let z(f) = f. Let t(s) = -4*s - 1. Let c(n) = 2*t(n) + 7*z(n). Determine c(h).
3
Let w(i) = -i**3 + i**2 + i - 1. Suppose 0 = 3*x - v + 2, -3*x = -2*x - 5*v + 24. Let a be w(x). Suppose 2*y + y - 9 = a. Let c(s) = s + 1. What is c(y)?
4
Let k(s) = s**2 + 0 - 2*s + 1 - 5. Let a(d) = -3*d**2 + 23*d - 13. Let v(t) = 2*t**2 - 12*t + 7. Let x(p) = -3*a(p) - 5*v(p). Let h be x(-9). Determine k(h).
4
Let i(q) = -q + 14. Let z be i(10). Let r(y) = -3*y**2 + 3*y. Let f(c) = 7*c**2 - 5*c. Let s(d) = -2*f(d) - 5*r(d). Determine s(z).
-4
Let w(h) be the first derivative of -h**3/3 - 6. Give w(-2).
-4
Let u be (5 - 45/12)*-4. Let p(k) = k + 3. What is p(u)?
-2
Let w(r) = r**2 - r - 1. Let z(d) = -d**3 - 4*d**2 + 7*d + 6. Let t(c) = -3*w(c) - z(c). Let p be 38/133 - 23/7. What is t(p)?
-9
Let a(v) be the third derivative of -v**4/6 - 2*v**3/3 + 16*v**2. Calculate a(-5).
16
Let c(j) be the first derivative of -j + 0*j - 3*j + j**3 + 2 + 5*j. Calculate c(-1).
4
Let f(j) = -j**3 + 6*j**2 - 6. Let l(v) = -v - 4. Let t be l(5). Let q = 49 + -34. Let c = q + t. Calculate f(c).
-6
Suppose -2*d = -4*d - 3*a - 12, -2*a = 0. Let c(i) = -3*i - 9. Determine c(d).
9
Let q(o) = o - 1. Let f(l) = -2*l + 2. Let z(p) = -2*f(p) - 3*q(p). What is z(4)?
3
Let r(k) = -4 - 1 + 53*k - 50*k. What is r(4)?
7
Let q(k) be the second derivative of -k**5/20 + k**3/3 - k**2/2 + 3*k. Let r = -12 - -17. Let d = 3 - r. Determine q(d).
3
Let i be 24/(-15)*(-15)/6. Let h(q) = 4 - 2 - i*q - 3 + 2. Calculate h(1).
-3
Let l = 5 - 3. Let i(y) = -2 - 2 + 4*y**2 - 1 - 4*y - 5*y**l. Determine i(-4).
-5
Let k(g) be the second derivative of g**5/20 - g**4/12 + g**3/6 + 2*g**2 + g. Let q be k(0). Let x(s) = -s - q + 4 - s - 4. Calculate x(-4).
4
Let a(s) be the first derivative of s**5/120 + s**4/24 - s**3/3 + 2. Let w(u) be the third derivative of a(u). What is w(0)?
1
Suppose 0 = 4*u - 3*i - 11, 0 = -3*u - 4*i + 8*i + 10. Let h(k) be the second derivative of 0 + 0*k**2 - 2/3*k**3 + k. Determine h(u).
-8
Let t(z) be the second derivative of z**5/20 + z**4/3 - 2*z**3/3 + 4*z. Suppose -5*f = -m + 87 + 25, 5*f + 114 = 2*m. Let r be (f/4 - -3)*2. Calculate t(r).
-5
Let z(g) = 3*g**3 - 26*g**2 - 29*g - 9. Let a(o) = o**3 - 9*o**2 - 10*o - 3. Let p(s) = 7*a(s) - 2*z(s). What is p(12)?
-3
Let x(k) = -5*k - 3. Let t(w) = -14*w - 8. Let g(i) = -4*t(i) + 11*x(i). Give g(-1).
-2
Let z(l) = 16*l + 20. Let v(p) = -p - 1. Let n(r) = 20*v(r) + z(r). Let f = 40 + -38. What is n(f)?
-8
Let m(w) = -w + 2. Let j = 4 - -3. What is m(j)?
-5
Let r(w) = -11*w + 4*w + 5*w + 4*w. What is r(4)?
8
Let k be -11 - -7 - 3*-1. Let g(m) be the first derivative of 6*m**2 + m - 1. Calculate g(k).
-11
Let h(p) be the first derivative of -p**2/2 + 4*p - 2. Let g(z) = z - 1. Let o(v) = -v**2 - 3. Let k be o(0). Let c be g(k). Calculate h(c).
8
Let k(z) = -z**2 - 4*z. Suppose 28*n = 11*n - 85. Give k(n).
-5
Let o(b) = b**2 - 18*b - 12. Let j(v) = -3*v**2 + 53*v + 35. Let f(u) = 6*j(u) + 17*o(u). Let x be f(12). Let i(g) = g**2 - 7*g - 3. Give i(x).
-9
Let l = 13 - 14. Let y(x) = -x - 1. Let v(p) = 2*p - 9. Let h(f) = l*y(f) - v(f). Calculate h(0).
10
Let f(o) = 5*o + 1. Let v be f(6). Suppose -3*q + 3*m + v = -5*q, 3*q - 3*m = -69. Let c be q/6 + (-3)/(-9). Let p(a) = -a - 3. Calculate p(c).
0
Suppose -18 = 16*b - 19*b. Let x(t) = 2*t - 4. Calculate x(b).
8
Let r(j) be the second derivative of -j**4/6 + j**3/3 - 3*j**2/2 - 3*j. Let g(w) = -w**2 - w. Let i(u) = g(u) - r(u). Give i(4).
7
Let i(t) = -9*t - 11*t - 1 + 21*t + 0. Let b = -4 + 3. Determine i(b).
-2
Let k(y) = -3*y + 2. Let r = 0 - -3. Suppose -2*w = r*a - 6, 2*w = 5*a - 3*a - 14. Give k(w).
11
Let g(l) be the first derivative of -l**4/4 + l**3 - l**2 - 13. Calculate g(3).
-6
Let i(n) = -n**3 + 4*n**2 + n - 2. Let v(u) = -u**2 + 24*u - 19. Let t be v(23). What is i(t)?
2
Let g(w) be the third derivative of -w**9/60480 - w**8/5040 - w**7/2520 - w**6/720 - w**5/60 + 3*w**2. Let i(f) be the third derivative of g(f). What is i(-4)?
7
Let x be -2*(1 - 0) + 1. Let b be ((-6)/x)/((-3)/(-2)). Let u(z) = 10*z + 5. Let v(n) = 21*n + 11. Let a(j) = b*v(j) - 9*u(j). What is a(-1)?
5
Let p(q) = -q**3 + 7*q**2 - 5*q + 2. Suppose 0 = 4*o + 2 - 26. Determine p(o).
8
Let u(x) be the first derivative of x**4/4 - x**3 - 3*x**2/2 - 5*x + 2. Let d be (-12 - (-5 + 1))/(-2). Determine u(d).
-1
Let o(k) = -4*k - 21. Let q be o(-4). Let b(x) be the second derivative of -1/20*x**5 - 2*x + 3*x**2 + 5/6*x**3 - 1/3*x**4 + 0. What is b(q)?
6
Suppose -3*r + 5*a = a - 21, 5*a = -3*r - 6. Let f(p) = 2*p - 2 - 2 - 3*p**3 + r. Suppose 1 = 5*i - 4*i. Determine f(i).
-2
Let u(c) = 5*c**3 + 4*c**2 + 20*c - 11. Let r(b) = -3*b**3 - 2*b**2 - 11*b + 6. Let m(p) = 11*r(p) + 6*u(p). What is m(1)?
-2
Let t be (1 - 4)/(-1) + (0 - 0). Let m(s) = -2*s**2 + s + 4. Determine m(t).
-11
Let b(q) be the second derivative of q**6/120 - q**5/60 - q**4/12 - 3*q**2/2 + q. Let r(n) be the first derivative of b(n). Let t be 3/12*-2*-4. Determine r(t).
0
Let u(c) = c**2 - 7*c + 4. Suppose 6*w - 2 = 40. What is u(w)?
4
Suppose -20*x = 2*x - 176. Let b(h) = -h**3 + 7*h**2 + 8*h + 6. Give b(x).
6
Let r(a) = -4*a**2 - a**2 - 6 + 54*a + a**3 - 53*a. Calculate r(5).
-1
Suppose -4*k = -2*v + 14, -3*v + 6 = 4*k - 5. Let b(q) = -3*q**2 - 15*q + 3. Let a(n) = -4*n**2 - 22*n + 4. Let g(p) = v*a(p) - 7*b(p). Calculate g(4).
-5
Let g(h) = h - 3*h + h. What is g(0)?
0
Let w(c) = -c**3 + 3*c**2 - 3*c + 3. Let y(a) = a**2 - a + 1. Let l(v) = w(v) - 3*y(v). Suppose -3 = 4*u - h - 2, 4*u + 11 = 3*h. Let g = u + -1. What is l(g)?
0
Let i(v) = 1. Let y(f) = 2. Let h(m) = 3*i(m) - 2*y(m). Let c(u) = u - 1. Let q(p) = -c(p) + 3*h(p). Let s(o) = -o + 9. Let d be s(11). What is q(d)?
0
Let g(h) = h**3 + 5*h**2 + h + 4. Suppose -2*p + 7 = 3*l, 0 = 3*p + l + 11 - 4. Give g(p).
16
Let q = 4 - 7. Let n(j) be the first derivative of 2*j**3/3 + 2*j**2 + 1. Calculate n(q).
6
Let i(u) = u**3 + 3*u**2 + u - 2. Let b be i(-2). Let g(x) = b*x + x**2 + x**3 - x + 2 + 3. Let k be 2/4*-1*0. Determine g(k).
5
Let x(y) = 5*y + 0*y - 2*y. Calculate x(-1).
-3
Suppose -3*t - 64 + 17 = -5*f, 0 = -4*f + t + 39. Let h = -5 + f. Let r(p) = p**3 - 4*p**2 - 4*p - 2. Calculate r(h).
3
Let t(b) = -3*b**3 - 9*b**2 + 6*b + 1. Let k(f) = f**3 + f**2 - 1. Let q(c) = 4*k(c) + t(c). Give q(4).
5
Let a(i) = 2*i - 3. Let s be (-2 - -1) + 1 + -6. Let r = 6 + s. Suppose 0 = 2*w + 8 - r. Calculate a(w).
-11
Let n(z) = z + 1. Let d(g) = g**3 + 5*g**2 - 3*g - 5. Let x(s) = d(s) + 5*n(s). Determine x(-3).
12
Let d = -21 + 11. Let b = 17 + d. Let f(z) = 1 + 2*z - z - b*z. What is f(1)?
-5
Let z(t) = t**3 - 5*t**3 + 3*t**3 - 2 + 3*t**2 + 3*t. Give z(4).
-6
Suppose -2 - 2 = -2*f. Let j(u) = u + 4. Let s(w) be the third derivative of w**4/24 + 5*w**3/6 - w**2. Let r(k) = -3*j(k) + 2*s(k). What is r(f)?
-4
Let z(t) be the second derivative of -t**2 + 0 + 0*t**3 - 1/3*t**4 + 2*